3 prime?
False
Is 29532119 prime?
False
Is 1322317 a composite number?
False
Is 24162923 a prime number?
False
Is 162473 composite?
False
Is 12671531 composite?
False
Is 115367 a composite number?
True
Is 178421 a composite number?
True
Is 3978347 prime?
False
Is 3850547 a prime number?
True
Is 408658693 a composite number?
False
Is 105657137 composite?
False
Is 392316801 composite?
True
Is 93905122 prime?
False
Is 14334027 a prime number?
False
Is 3958147 a prime number?
True
Is 6750323 composite?
True
Is 3466069 prime?
True
Is 44562931 prime?
False
Is 118809851 a prime number?
True
Is 32830157 a prime number?
False
Is 25645677 composite?
True
Is 1741373 a prime number?
True
Is 3751133 a composite number?
False
Is 813493 composite?
False
Is 3357667 a composite number?
False
Is 333571 a prime number?
False
Is 41682917 composite?
False
Is 85111987 a prime number?
True
Is 30604279 composite?
False
Is 25647613 composite?
False
Is 2216479 a composite number?
False
Is 957699061 prime?
False
Is 1077773 a prime number?
False
Is 40085285 composite?
True
Is 9503427 a composite number?
True
Is 2548363 a prime number?
False
Is 736511 a prime number?
True
Is 42063943 a prime number?
False
Is 18749659 composite?
False
Is 240662 prime?
False
Is 2055497 prime?
True
Is 195523 prime?
False
Is 267691811 a composite number?
False
Is 136337917 a prime number?
True
Is 53243887 prime?
True
Is 14955203 a composite number?
False
Is 36472881 a prime number?
False
Is 40059431 a prime number?
True
Is 69545209 a composite number?
True
Is 984109 composite?
True
Is 800993 a prime number?
True
Is 863591227 a composite number?
False
Is 47925539 prime?
True
Is 2367329 composite?
False
Is 301651 prime?
False
Is 36610801 composite?
False
Is 23397097 a composite number?
True
Is 94470277 prime?
False
Is 48060169 prime?
True
Is 3257966 a prime number?
False
Is 612535717 composite?
False
Is 25585297 a composite number?
False
Is 625701101 a composite number?
True
Is 114965537 prime?
True
Is 392435 prime?
False
Is 179017019 a composite number?
False
Is 9206959 composite?
False
Is 9559349 a prime number?
True
Is 7149347 prime?
True
Is 14649581 composite?
False
Is 7892957 a prime number?
True
Is 304001821 prime?
True
Is 27768833 a prime number?
False
Is 37301179 a prime number?
False
Is 31307083 prime?
False
Is 1033404491 composite?
True
Is 5067151 prime?
True
Is 312148439 prime?
False
Is 4741547 a prime number?
True
Is 7668467 a composite number?
False
Is 15837379 a composite number?
True
Is 76282286 a composite number?
True
Is 139472167 prime?
False
Is 164368793 composite?
True
Is 45594533 composite?
True
Is 4740143 prime?
True
Is 629924809 a composite number?
False
Is 130222402 a prime number?
False
Is 14206793 a prime number?
False
Is 1353685 a composite number?
True
Is 22893503 composite?
False
Is 23921509 a prime number?
False
Is 5407891 composite?
True
Is 7506497 prime?
False
Is 35537279 a prime number?
False
Is 74953427 a composite number?
False
Is 422083 a prime number?
True
Is 9668027 composite?
True
Is 18086921 prime?
False
Is 227587 a prime number?
False
Is 39519419 a prime number?
False
Is 17970053 composite?
True
Is 39331261 a composite number?
True
Is 32815309 a composite number?
False
Is 226303891 composite?
True
Is 1459667 a composite number?
True
Is 1596541 prime?
True
Is 40329941 prime?
True
Is 9653971 prime?
True
Is 7458091 a prime number?
False
Is 31753423 prime?
False
Is 688034 composite?
True
Is 7360918 prime?
False
Is 278801 a prime number?
True
Is 81620753 prime?
True
Is 7673819 a prime number?
True
Is 5047087 prime?
True
Is 13539982 a composite number?
True
Is 706787 a prime number?
True
Is 587443 a composite number?
True
Is 3761579 composite?
True
Is 10049821 composite?
False
Is 724093 prime?
True
Is 50582039 a prime number?
True
Is 3836443 a prime number?
False
Is 1634707 composite?
True
Is 119869003 composite?
False
Is 230562499 prime?
False
Is 3754117 composite?
False
Is 151980023 a prime number?
False
Is 1272329 composite?
False
Is 1543667127 composite?
True
Is 237048071 prime?
False
Is 1044929 a prime number?
False
Is 407440301 composite?
False
Is 7782949 prime?
False
Is 86069 prime?
True
Is 168761041 a prime number?
True
Is 1056251 prime?
False
Is 3211339 a prime number?
False
Is 7544429 a prime number?
True
Is 593863 a prime number?
True
Is 4073491 composite?
False
Is 220499633 a prime number?
True
Is 585437 a composite number?
False
Is 118307911 a composite number?
True
Is 181287661 a prime number?
False
Is 20207042 composite?
True
Is 45061531 composite?
True
Is 12953927 composite?
True
Is 98502043 a composite number?
False
Is 1038985 composite?
True
Is 1952311 composite?
False
Is 368186621 a composite number?
True
Is 7304107 a prime number?
True
Is 171791887 a prime number?
True
Is 339444737 a composite number?
False
Is 32053183 composite?
False
Is 3497447 a composite number?
False
Is 48339185 composite?
True
Is 5768443 composite?
False
Is 2483561 a prime number?
True
Is 539958451 composite?
False
Is 1525039 a composite number?
False
Is 1033627 a prime number?
False
Is 15700871 composite?
False
Is 6223627 prime?
True
Is 53282473 prime?
False
Is 116338969 a composite number?
True
Is 2960995 prime?
False
Is 117999533 prime?
False
Is 329881661 composite?
False
Is 616039901 a composite number?
False
Is 14114749 a composite number?
True
Is 660004831 prime?
False
Is 5687551 a prime number?
True
Is 44822522 composite?
True
Is 304200269 composite?
False
Is 1811923 prime?
True
Is 4253477 composite?
False
Is 34364311 prime?
True
Is 94804667 prime?
False
Is 1933433 prime?
True
Is 13820293 composite?
False
Is 120318953 prime?
False
Is 5135839 composite?
False
Is 164167 a composite number?
True
Is 9312189 composite?
True
Is 4173243 a prime number?
False
Is 8583553 a prime number?
False
Is 7326789 composite?
True
Is 571295711 prime?
False
Is 518371697 a composite number?
True
Is 5374001 a composite number?
True
Is 23942143 a composite number?
False
Is 322082998 prime?
False
Is 201936913 prime?
True
Is 8136743 composite?
False
Is 3984131 prime?
True
Is 21742913 prime?
True
Is 5663383 a composite number?
True
Is 192418739 prime?
True
Is 3936831 prime?
False
Is 17329259 a prime number?
True
Is 9410311 a composite number?
False
Is 4161929 a composite number?
True
Is 573556769 prime?
False
Is 2798107 composite?
True
Is 2136201 composite?
True
Is 79081109 a composite number?
True
Is 1077871 composite?
True
Is 1400627 composite?
False
Is 13362247 composite?
False
Is 24340619 a composite number?
False
Is 130414579 composite?
True
Is 936215305 a composite number?
True
Is 21471347 a composite number?
True
Is 804731335 prime?
False
Is 3520533 prime?
False
Is 10384453 a composite number?
True
Is 120873517 a prime number?
True
Is 1318949 a composite number?
True
Is 22987 composite?
True
Is 31004059 prime?
False
Is 35072981 composite?
False
Is 10701407 a prime number?
True
Is 525457 composite?
False
Is 58168199 prime?
True
Is 7676731 prime?
False
Is 103902971 composite?
False
Is 5372063 prime?
True
Is 19089493 prime?
True
Is 1485537671 a composite number?
False
Is 1759762 prime?
False
Is 3269379 prime?
False
Is 52648241 a prime number?
True
Is 101341969 a prime number?
True
Is 21182131 a prime number?
False
Is 10554023 prime?
True
Is 2277865 a composite number?
True
Is 6992651 a composite number?
False
Is 23152931 a prime number?
True
Is 2062429 a composite number?
False
Is 601465 composite?
True
Is 1325029 a prime number?
False
Is 158606611 prime?
True
Is 11965579 composite?
False
Is 677474987 a composite number?
True
Is 20350709 a composite number?
False
Is 9734363 a composite number?
True
Is 144563891 prime?
True
Is 155731 a prime number?
True
Is 57124619 a composite number?
True
Is 5487065 a composite number?
True
Is 187540513 a prime number?
True
Is 8722603 a composite number?
False
Is 17293603 composite?
True
Is 11766103 a prime number?
False
Is 723007601 a composite number?
False
Is 11478982 a prime number?
False
Is 23843639 a prime number?
False
Is 10382483 a prime number?
False
Is 55396933 composite?
True
Is 424761 composite?
True
Is 1205819 composite?
False
Is 54088691 prime?
True
Is 2944869 composite?
True
Is 360526949 prime?
True
Is 1525644455 prime?
False
Is 1